z + 6 = 0. Let i(n) = -29*n + 5. What is i(a)?
63
Suppose 18*c = 21*c - 27. Let z(k) = -k**3 + 9*k**2 - 4*k + 30. Let d be z(c). Let o(n) = n + 1 - 5*n**3 + 3*n**2 + n + 3*n**2 + 6*n**3. Give o(d).
-11
Let l(b) = 5*b + 33. Suppose -117*y + 5*f = -113*y - 6, -f = 6. Determine l(y).
3
Let z(b) = 2*b**2 - 29 - 69*b - 19*b + 123*b + 1. Determine z(-19).
29
Let v(c) = 2849 + 37*c - 5692 + c**2 + 2955. Give v(-3).
10
Let b(g) = -553*g**2 - 10*g + 552*g**2 - 24 + 0*g. Give b(-7).
-3
Let t(r) = -37*r - 216. Let y be t(-6). Let g(s) = 5*s - 10. Calculate g(y).
20
Let p(y) = -4*y**2 - 107*y - 82. Let a be p(-26). Let v(h) = -h**3 - 2*h**2 + 8*h - 7. What is v(a)?
-7
Let o(g) = -3*g**2 + 22*g + 21. Let a be o(18). Let l = 552 + a. Let b(r) = r**2 + 5*r - 2. Give b(l).
-8
Let q(b) = -b**2 - 4*b - 1. Let w(h) = 5*h - 36. Let r be w(6). Let t be r/16 + (-665)/(-152). Determine q(t).
-33
Let o = 44875 - 44880. Let s(a) = a**2 + a - 27. Give s(o).
-7
Suppose -d + 6*d - 15 = 0. Suppose 6*s - d*s - 6 = 0. Suppose s*v + 90 = 17*v. Let b(k) = k**3 - 7*k**2 + 9*k - 9. Calculate b(v).
9
Let l(q) = 11 + 274 + 38 - 33*q + 50 + 153. Give l(16).
-2
Let s(o) = o**3 + 9*o**2 + o. Let j be 41/(-5) - 456/570. Determine s(j).
-9
Let g(t) = 183*t**3 - 26*t - 4. Let p(v) = -46*v**3 + 6*v + 1. Let n(b) = -2*g(b) - 9*p(b). Calculate n(-1).
-47
Let a(p) = 25*p**2 + p. Let r = 113 + -183. Let q(l) = -l - 71. Let u be q(0). Let s = r - u. Determine a(s).
26
Let o(h) = h - 3. Let z(i) = -2*i + 5. Suppose -3*y + 12 = -2*a, -8*a + 4*y = -7*a + 6. Let b(c) = a*z(c) - 11*o(c). Determine b(-6).
-3
Suppose -4*j = -5*r - 0*r + 19, 5*j + 17 = 4*r. Let p(v) = 1 - r*v - 6 + 4*v. Let q be 109/((-4687)/(-430)) + 3/(-1). Calculate p(q).
2
Suppose 0 = 8*b - 31 - 9. Suppose b*l + 30 = -10. Let s(z) = z + 9. What is s(l)?
1
Let o be ((-273)/15)/(1/(-5)). Suppose 6*h - 588 = -h. Let j(u) = -2*u + 3*u - o + h. What is j(5)?
-2
Suppose -x - 493 + 143 = -5*h, 0 = -4*h + 4*x + 264. Let c(a) = 2 - 41*a + h*a - 33*a. Let j(u) = u**2 - 4*u - 4. Let k be j(4). Give c(k).
14
Suppose 4*o - 59 + 47 = 0. Suppose 2*r - 3*r - 9 = 3*x, -r + o = -x. Let q be -1 - (36/(-16) - x/(-4)). Let d(k) = 4*k - 2. What is d(q)?
6
Suppose -5*c - 68 = j, 80 = -4*j + 2*j + 4*c. Suppose 91*r - 98*r + 343 = 0. Let t = j + r. Let m(p) = -p + 2. Calculate m(t).
1
Let k(n) = -6*n + 22 - 65 + 28 + 3*n**2. Let m(o) = 5*o**2 - 9*o - 24. Let y(d) = -8*k(d) + 5*m(d). Determine y(-3).
0
Let s(k) = 2*k + 15. Let d(f) = 2*f - 7. Let x(u) = 5*u + 11*u + 9*u - 24*u. Let g(o) = -d(o) + 3*x(o). Let n(b) = 9*g(b) - 4*s(b). Calculate n(0).
3
Let p be (16/(-2))/(1 + -1 - 2). Let n(g) = 2*g**3 - 8*g**2 - g - 6. Calculate n(p).
-10
Suppose 8*h + 45 - 61 = 0. Suppose 8*m - 10*m + 4 = 0. Let q(x) = -1 - 2 + m + 9*x. What is q(h)?
17
Let a(q) be the second derivative of 13*q**3/6 + 3*q**2/2 + 3*q. Let f be 8*6/24 + 2. Suppose -3*j = -f*r - 5, -2*r + 6*j = 2*j. Give a(r).
-23
Suppose -100 = -5*b + 5*p, b - 6 - 17 = 4*p. Let m(k) = -7*k + 13. Let l(a) = 6*a - 14. Let h(i) = -6*l(i) - 5*m(i). Determine h(b).
0
Let p(w) = 3*w**2 - 19*w - 18. Let n(r) = 2*r**2 - 5*r + 1. Let h(i) = -2*n(i) + p(i). Calculate h(-5).
0
Let t(j) = -j + 1. Let q = 14 + -13. Suppose -2 - 10 = 6*h. Let a(r) = -r + 5. Let c(o) = h*t(o) + q*a(o). Calculate c(5).
8
Let r(l) = -8*l**2 - 53*l - 26. Let g be r(-6). Let b(m) be the second derivative of 0 + 2*m**2 - 1/12*m**g + 0*m**3 - 28*m. Calculate b(-3).
-5
Let c(s) = s**3 - 7*s**2 - 15*s + 131. Let k be (-69)/(-11) + (-516)/1892. Determine c(k).
5
Let l(g) = 2*g**3 - 25*g**2 - 39*g + 607. Let k be l(12). Let t(z) = z**3 + 3*z**2 + 9*z + 16. Give t(k).
-79
Let s(c) = c**3 + 9*c**2 + 7*c - 5. Let w be s(-8). Suppose w*d = 42 + 3. Let x(z) = -3*z + 7*z**2 + 4*z**2 - 10*z - 1 + d*z. Determine x(1).
12
Let r(k) be the third derivative of -k**5/60 + k**4/8 + 4*k**3/3 - 1275*k**2. Determine r(9).
-46
Let o(l) = l**2 - 6*l - 4. Let d(y) = 6*y**2 + 4*y - 3. Let f(q) = -3*q - 9. Let z be f(-4). Suppose -z*r + 3 = -0*r. Let h be d(r). Calculate o(h).
3
Let z(l) be the first derivative of -l**2 + 126. Let u(r) = -r**2 + 11*r - 24. Let s be u(6). What is z(s)?
-12
Let g(o) be the third derivative of -o**5/30 + 3*o**4/4 - 10*o**3/3 - 6*o**2 - 8*o. Calculate g(8).
-4
Let u(p) be the second derivative of p**5/10 + 3*p**4/2 + 2*p**3 - 43*p**2/2 - 5549*p. Determine u(-8).
-11
Let v be 6/(-9 + (-584)/(-80) + 8/40). Let m(l) = 3*l**3 + 4*l**2 + 2*l - 2. Let g(b) = -b**3 + b + 1. Let x(c) = 2*g(c) + m(c). Determine x(v).
-16
Suppose -4*r = -3*x - 52, -2*r - 4*x + 5*x + 22 = 0. Let q(j) = -24*j + 144. Calculate q(r).
-24
Suppose 5*v + 3 = 4*v. Let z(o) be the first derivative of -o**5/60 + o**3/3 - 23*o**2/2 - 40. Let b(t) be the second derivative of z(t). Determine b(v).
-7
Let b(x) be the second derivative of -6*x - 1/20*x**5 + 0 + 7/6*x**3 - 3*x**2 - 1/2*x**4. Suppose -2*n - 28 = 2*n - 4*m, -4*n = -3*m + 28. Determine b(n).
-6
Let j(p) = 12*p**2 - p**2 - 36 + 86 - 2 - 9 - 93*p. Determine j(8).
-1
Let n(o) = -o. Let f be ((24/12)/2)/(2/(-8)). Let l(m) = 3*m - 7. Let z(w) = f*n(w) - l(w). Calculate z(-5).
2
Let d be 76/(-14) - ((-2691)/(-91) - 29). Let i(m) = 26*m + 118. What is i(d)?
-38
Let f(k) = -10518*k + 2*k**2 - k**2 - 10522*k - 10527*k - 29 + 31562*k. Calculate f(7).
-15
Let w = -13 + 19. Let y(i) = 2 - i + 1 - i + i**2 - 2 - 7 - 2*i. Determine y(w).
6
Suppose -2*z + 1 - 15 = -2*b, -3*b + 2*z = -19. Let c(r) = -5*r + 3. Let n(w) = 14*w - 9. Let k(q) = 8*c(q) + 3*n(q). Calculate k(b).
7
Let u(f) = f**2 + 11*f - 3. Let h(c) = -c**3 - c**2 - c. Let s(k) = -4*k**3 - k**2 - 2*k - 6. Let b(d) = -3*h(d) + s(d). Let w be b(0). What is u(w)?
-33
Let h(u) = 11*u - 8. Let l = 1722 - 1715. Give h(l).
69
Let g(s) = -s**2 + s. Let q(u) = -18*u - 82. Let t be q(-5). Suppose -28 = t*z - 20. Give g(z).
-2
Let c(o) = -o**2 - 12*o - 5. Let v(a) = 30*a**3 + 2*a**2 + a. Let k be v(-2). Let u = 222 + k. Calculate c(u).
-5
Suppose 3*d + 5 = 26. Suppose 18 = 6*z - d*z. Let t = 19 + z. Let l(u) = 15*u**3 - 2*u**2 + 2*u - 1. Calculate l(t).
14
Let f(p) = 7 + 2*p + 21 + 26 + 11 - 7396*p**2 + 7395*p**2. Calculate f(10).
-15
Let i(z) = 4*z - 4. Let b be -86 - (2/(-8))/((-7)/(-56)). Let j be (-4)/7*b/(-8). Calculate i(j).
-28
Let r(z) be the third derivative of -z**4/8 + 41*z**3/6 + 16*z**2. Let i be r(12). Let v(u) = i - 8*u - 8*u + 19*u + u**2 - 2. What is v(-3)?
3
Let p(g) = -3*g**3 - 2*g**2 - g + 1. Suppose -3*q - 74 = 2*y - 7, 0 = -3*y + 3. Let a(d) = -9*d - 205. Let n be a(q). What is p(n)?
-33
Let r(d) = -3*d**2 - 18*d + 17. Suppose -2*a - 67*q - 32 = -65*q, 16 = -5*a + 3*q. What is r(a)?
-31
Let j(m) = 5*m. Let v be j(12). Let u be (1 + -5)*(-3 + v/24). Let n(z) = -2 - z**2 + z + 0*z**2 + 0 + z**3. Determine n(u).
4
Suppose 13*b = 19*b - 84. Let l = b - 9. Let f(c) = -l*c + 67 - 67 + 3*c. Determine f(4).
-8
Suppose 2 = 2*j - 0. Let k be ((-28)/16 + 1)*-4. Let m(y) = 1 + 19*y**3 - 23*y**k - y**2 + y**2. Determine m(j).
-3
Let r(q) = -q**2 - 10*q - 16. Let n(s) be the third derivative of -s**5/60 - s**4/6 + 35*s**3/3 - 53*s**2. Let j be n(-11). What is r(j)?
5
Suppose 2*c - 974*a + 972*a + 10 = 0, -5*c - a = -17. Let p(w) be the second derivative of -w**3/3 - w. Determine p(c).
-4
Suppose -14 = 2*w - x, 5*x = 2*w - 0*x + 22. Let r(y) = 3*y**3 + 153*y**2 + 7*y - 1. Let o(p) = 4*p**3 + 193*p**2 + 9*p. Let l(d) = 4*o(d) - 5*r(d). Give l(w).
35
Let f(u) = -22*u - 64. Let a be f(-3). Let k(v) = -v**3 - 2*v + 3*v**2 - 2*v**2 + 5 - 5*v**a - 4. Calculate k(-4).
9
Let c(v) = -4 + 4*v**2 - v**2 - 6*v - 4*v**2 - 3. Let f(k) = 3*k + 2*k - 2*k + 3*k + k**2. Let p be f(-5). Calculate c(p).
-2
Let i(s) be the first derivative of -5*s**2 + 32*s + 11617. Give i(2).
12
Let x(k) = -k**2 - 6*k - 5. Suppose -8*n + 1101 = -963. Suppose 4*h + 254 = -n. Let z be (1 + 0)/(32/h). What is x(z)?
3
Let h(a) = 2*a**2 + 15*a + 11. Let b = -2061 + 2050. What is h(b)?
88
Suppose -2*m + 12*m - 40 = 0. Let x(t) = -t - 2 + 4*t + m*t - 3*t. Determine x(-8).
-34
Suppose -452*n + 434*n = -72. Suppose 0 = -2*c + 4*c - 6. Let x(m) = 8*m**2 + c - 13*m**2 - 5*m**3 + n*m**3 - 5*m + 2*m. Give x(-5).
18
Suppose 0 = -785*q - 1811 - 2899. Let n(p) = 0*p**3 - 2*p**3 - 1 + 4*p + p**3 - 5*p**2. Calculate n(q).
11
